pose 2*q + f*x - 34 = 0, x = 5*q - 3*x - 52. What is the units digit of i(q)?
9
Suppose -5*r - 5*o + 13146 = -6*o, 0 = -2*r + 3*o + 5261. What is the thousands digit of r?
2
Let i(j) = -462*j - 2642. What is the tens digit of i(-27)?
3
Let w = -172 + 240. Suppose -5*k = -5*p + 900, 0 = 4*p + k - w - 647. What is the tens digit of p?
7
Let o(i) = -38*i - 67. Suppose -5*a - 4*w - 38 = -8*w, 0 = -5*w - 15. What is the units digit of o(a)?
3
Let g(m) = 15*m - 1. Let z(f) = 45*f - 5. Let r(t) = 8*g(t) - 3*z(t). Let i = -4 - 5. What is the hundreds digit of r(i)?
1
Let d be 33/((-1)/((-230)/15)) - 4. Let k = -359 + d. What is the units digit of k?
3
Let h(m) = m**3 + 2*m**2 - 35*m + 5. Let q be h(-7). Let s(w) = 2*w**3 - 3*w - 7. What is the hundreds digit of s(q)?
2
Let c = 29 - 29. Suppose 2*d - 33 = -5*y, 0 = 4*d + 5*y - c*y - 41. Suppose -88 = -g - d*h, -g + 3*g = 2*h + 166. What is the tens digit of g?
8
Let z = -82 - -87. Suppose -z*l + 4*a = -2*l - 1139, -5*a = -l + 398. What is the hundreds digit of l?
3
Let b = -6229 - -54188. What is the units digit of b?
9
Suppose -3*h - 18360 = -i - 1310, 0 = -4*i + 4*h + 68184. What is the hundreds digit of i?
0
Let w(n) = -3*n**2 + 7*n + 6. Let a(h) = 4*h**2 - 8*h - 6. Let j(i) = -5*a(i) - 6*w(i). Let r be j(-17). Let t = r - -773. What is the units digit of t?
3
Let y(m) = -m**3 + 32*m**2 + 50*m - 141. Let j(k) = 8*k + 9. Let d be j(3). What is the units digit of y(d)?
0
What is the units digit of (-1 - (-20)/14) + ((-239525)/(-35) - 8)?
6
Let z = 15997 - 11379. What is the hundreds digit of z?
6
What is the units digit of 4730990/440 + (-10)/8*1?
1
Let m = 26813 + -550. What is the ten thousands digit of m?
2
Let t be (-4)/((-64)/36)*-12. What is the tens digit of (-1)/(5/(-2828)) - t/(-45)?
6
Let c = -284 - -427. Let w be (-1)/(-1) + -15 + 18. Suppose 0 = w*l - 3*l - c. What is the hundreds digit of l?
1
Suppose -5*d + 229201 - 89514 = -3*z, 5*d - 139655 = -5*z. What is the ten thousands digit of d?
2
Suppose 3*v + 78367 = 4*i, 2*i + 2*v = 25810 + 13384. What is the units digit of i?
4
Let t(y) = -2*y**3 - 23*y**2 - 46*y - 14. Let g be t(-9). Let z = 175 + -70. What is the tens digit of (-3)/g + 18312/z?
7
Let g be 7 + -1 + (2528 - -28). Suppose g + 252 = 6*b. What is the tens digit of b?
6
Let s be -1 - 9/(-8) - (-25665)/120. Let n = s - -844. What is the units digit of n?
8
Suppose -2*p - 4*b + 17406 = 0, 17*b - 43590 = -5*p + 22*b. What is the thousands digit of p?
8
Let v be 198/((8368/174)/8 + -6). Suppose -9*d - 2*d + v = 0. What is the units digit of d?
6
Suppose 4*x - 6 = 2*r, 10 = 3*x + 31*r - 27*r. Suppose 16*y = -3*c + 14*y + 1633, -x*c = 5*y - 1074. What is the tens digit of c?
4
Let w(d) = -d - 2. Suppose 4*q - 2 = 3*q. Let b be w(q). What is the units digit of (-2 - 4)*((-2)/b + -1)?
3
Suppose 15*c + 2714 + 722 = 29101. What is the thousands digit of c?
1
Let z(w) = 634*w + 262. Let r be z(10). Suppose 3*l = 4*n - r, 2*n - 6604 = -2*n + 4*l. What is the units digit of n?
9
Let f(z) = -z**3 - 15*z**2 - 7*z - 18. Let r(q) = -q**3 - 7*q**2 - 11*q - 19. Let n be r(-5). Let a be f(n). What is the units digit of (a/12)/(3/(-63))?
3
Let v = 7201 + 44072. What is the tens digit of v?
7
Suppose -3*s - 4*s + 14490 = 0. Suppose s = -15*g + 20*g. What is the hundreds digit of g?
4
Let w(d) = -1309*d**3 + 10*d**2 - 15*d - 2. What is the thousands digit of w(-2)?
0
Suppose 3 = -3*q - 2*r, 5*r - 9 = -3*q - 3. Let k be (-1 - q)*20/10. What is the tens digit of (88 + 4)/k - 2?
2
Let m = 1648 + -1040. Let o = 1824 - m. What is the tens digit of o?
1
Suppose 4*t = 5*w + 19536, -5*t + 29599 = -w + 5200. What is the tens digit of t?
7
Let d be (-1)/(-2)*(-3 - -2)*-4. Suppose -j + 305 = k, 0*j + j - 302 = -d*k. What is the units digit of j?
8
Let q(z) = -z**3 + z**2 - z + 105. Let b be q(0). Suppose 0 = -3*m + 402 + b. Suppose -i + m = 16. What is the hundreds digit of i?
1
What is the thousands digit of (14159/(-5) - 0)/(252/(-1260))?
4
Suppose 2*r + 5*b - 8903 = 5402, b = -5*r + 35728. What is the thousands digit of r?
7
Let u be -1 - 1 - (-5)/1. Suppose u*o + 3*m = 6*o - 12, 3*o - 4*m = 11. Suppose 0 = 3*l + 2*q - 126, 3*l + o*q - 44 - 73 = 0. What is the units digit of l?
4
Let v = -177 - -69. Let z = 184 - v. What is the hundreds digit of z?
2
Suppose -5*a = 2*n + 84, 0 = -0*a + 2*a + 3*n + 38. Let g = 22 + a. Suppose 0 = h - 4*p - 277, 5*h + g*p - 1500 = 3*p. What is the tens digit of h?
9
Suppose 5*v - 1094 = -4*n, v + 5*n - 1095 = -4*v. Suppose 2*o = -5*o - 525. Let i = v + o. What is the tens digit of i?
4
Let o be (0 - 6/10)/(1/5). Let p(x) = -240*x + 14. What is the units digit of p(o)?
4
Suppose -4 = -b + 5*m - m, 0 = 5*b + m + 1. What is the tens digit of 4 + 398 + (2 - -1) + b?
0
Let a(z) = z**3 - 34*z**2 - 78*z + 81. What is the units digit of a(39)?
4
Suppose 19*a + 162922 = 37*a + 11*a. What is the thousands digit of a?
5
Suppose 103*v - 8266349 + 1707412 = 0. What is the thousands digit of v?
3
Let b be 1*-3 - (-5)/(5 - 0). Let p(j) = -82*j + 36. What is the tens digit of p(b)?
0
Let j(g) = -g**2 + 4*g - 1. Let d be j(-2). Let b(k) = -k**2 - 20*k + 18. Let i be b(d). Let y = i + 26. What is the units digit of y?
5
What is the units digit of (-138)/2*20/(360/(-954))?
7
What is the tens digit of 3712/58*260/4?
6
Let u(b) = b**3 + b**2 - 2. Let p be u(1). Suppose -2*g - 5*i + 6 = -p, 5*g - 53 = -3*i. What is the tens digit of g?
1
Let d = 77457 + -36810. What is the hundreds digit of d?
6
Let z(f) be the third derivative of -7*f**6/240 - 7*f**5/20 + 31*f**4/24 + 33*f**2. Let y(n) be the second derivative of z(n). What is the tens digit of y(-10)?
6
Suppose -c - 4*m + 157 = -2*c, -c = -5*m + 160. Let l = 315 + c. What is the tens digit of l?
7
Suppose 193*w - 189*w = 24. Suppose -w*l + 3*l = -6*l. Suppose -3*q - 3*x + 726 = l, 4*q - 3*x - 81 = 852. What is the units digit of q?
7
Suppose 5*x - 1 = 3*v + 2, 0 = -3*v + 2*x - 12. Let z(i) = 5*i - 23. Let n be z(5). What is the hundreds digit of (50/v)/(n/(-30))?
1
Suppose 0 = -2*v - 2, 3*j - 11432 = -4*v + 10047. What is the hundreds digit of j?
1
Suppose -2*f - 3*f = 2*l + 47, 0 = -2*f + 2. Let r = l + 207. What is the units digit of r?
1
Let w(t) = -2*t**2 - 12*t. Let s be w(-6). Suppose -313 = -z + 4*g, 1660 = -s*z + 5*z - g. What is the units digit of z?
3
Suppose 644 - 32472 = -6*i - 3496. What is the thousands digit of i?
4
Let q = 32 - 43. Let s(i) = -i**3 - 10*i**2 + 5. What is the hundreds digit of s(q)?
1
Suppose 5*g = -2*z + 6, g - 3*g = 2*z - 6. Suppose -1 = -2*y + z*y, -y = 2*l - 211. Suppose 94 + l = 2*m. What is the units digit of m?
0
What is the hundreds digit of -1*4/(-3)*(-198)/44 - -51137?
1
Suppose -224*t - 53492 = -228*t - 4*b, 4*t - 53471 = -b. What is the tens digit of t?
6
Let k(i) = -i**2 + 8*i - 239 - 243 + 494. Let n be k(9). Suppose 4*v - n = -11, 2*s + 2*v - 80 = 0. What is the units digit of s?
2
Let z = -118 + 123. Suppose 5*c + z*n - 523 = c, n = -5. What is the units digit of c?
7
Let k(a) = 204*a**2 + 25*a - 23. What is the ten thousands digit of k(12)?
2
Let w = 57 - 50. Suppose -2*u - 1440 = -w*u. Let x = u - 195. What is the units digit of x?
3
Let x = 63 + -59. Suppose 3 + 2 = 5*n, -x*c + 4*n + 1028 = 0. What is the tens digit of c?
5
Suppose -10*k - 1253 = -3963. What is the units digit of k?
1
What is the tens digit of ((-6)/(-5))/((-36894)/1540 - -24)?
2
Let i be 0 + 37/7 + (-16)/56. Suppose -s - 12 = 3*a, i*a - 1 + 4 = 4*s. What is the units digit of ((15/(-10))/a)/(2/4)?
1
Let j be (-125)/100*((-3)/(-3) + -1589). Let n = j - 1282. What is the units digit of n?
3
Let d(i) = -2*i**2 - 14*i - 23. Let g be d(-9). Let r = 63 + g. Suppose -3*k + 3*o + 172 = r*o, -2*o - 169 = -3*k. What is the tens digit of k?
5
Let f(i) = -11*i - 480. Let q be f(-44). Suppose -5*x + 0 - 5 = 0, -q*y + 1805 = -5*x. What is the tens digit of y?
5
Suppose 2*g = -3*j + 17351, g - 160 = -5*j + 8505. Suppose -8*m + g = 23*m. What is the hundreds digit of m?
2
Let a = 28110 - 15711. What is the tens digit of a?
9
Let h = -1019 + 3434. What is the tens digit of h?
1
Let p be (-6)/(-4)*(-40)/36*3. Let w = p + 7. What is the units digit of w - (-3 - (-2)/(-2))?
6
Let q(o) = 1104*o**2 + 53*o + 160. What is the hundreds digit of q(-3